2*s**2 + 15*s - 7796. Give w(49).
142
Let c(a) = 2*a**3 + 16*a + 86. Determine c(7).
884
Let v(k) = k**3 - 413*k**2 - 315*k - 40928. Calculate v(414).
58
Let y(g) = -907*g + 2764. Give y(3).
43
Let p(m) = -11*m + 282. Calculate p(33).
-81
Let h(a) = 523*a - 24745. What is h(47)?
-164
Let x(q) = 700*q - 51090. What is x(73)?
10
Let s(l) = -437*l + 7283. What is s(18)?
-583
Let w(m) = m**3 + 737*m**2 + 78915*m + 3013. Calculate w(-607).
-22
Let q(z) = 2*z**2 + 198*z - 5420. Calculate q(23).
192
Let k(o) = 7*o**3 + 1421*o**2 - 8781*o + 19. What is k(6)?
1
Let m(a) = -a**3 - 113*a**2 + 382*a - 299. Determine m(2).
5
Let c(f) = f**2 - 1153*f + 6915. Calculate c(6).
33
Let b(h) = 19*h**2 + 270*h + 1004. Calculate b(-6).
68
Let b(y) = -y**3 + 17*y**2 + 69229*y - 1107922. Calculate b(16).
-2
Let y(x) = -5*x**3 + 107*x**2 + 47*x + 34. Give y(23).
-3117
Let a(i) = i**3 - 12*i**2 - 28*i + 22. What is a(-3)?
-29
Let q(v) = v**3 - 6*v**2 - 1365*v + 114. Determine q(40).
-86
Let o(c) = -637*c**2 - 19748*c - 24. Calculate o(-31).
7
Let v(l) = -l**3 + 319*l**2 + 592*l + 15893. Determine v(321).
-157
Let l(p) = p**3 - 321*p**2 - 127508*p + 954. Determine l(-231).
30
Let j(f) = -6*f**2 + 54*f + 210. Calculate j(14).
-210
Let h(t) = 6*t**2 + 134*t + 720. What is h(-14)?
20
Let n(q) = -14*q**2 - 122885*q + 245814. Calculate n(2).
-12
Let w(p) = 511*p - 56742. Determine w(112).
490
Let k(t) = 44*t**2 + 250*t + 19. Calculate k(5).
2369
Let p(d) = 21989*d + 42792. What is p(-2)?
-1186
Let p(l) = 3878*l + 8969. Give p(-2).
1213
Let r(u) = 5*u**3 + 31*u**2 + 43*u + 289. Calculate r(-8).
-631
Let y(s) = -3999*s - 363906. Give y(-91).
3
Let m(y) = -7*y**2 - 83*y + 2542. Calculate m(14).
8
Let w(l) = 2*l**2 + 188*l + 4303. Determine w(-40).
-17
Let g(y) = y**2 + 1279*y + 156454. Give g(-137).
0
Let j(x) = -2*x**2 - 107*x + 357640. What is j(397)?
-57
Let r(p) = -35*p**2 + 1328*p - 7523. What is r(31)?
10
Let j(p) = -153*p + 23190. Calculate j(155).
-525
Let h(c) = 3160*c - 15640. What is h(5)?
160
Let j(c) = 21178*c + 1080075. Determine j(-51).
-3
Let a(x) = x**3 + 194*x**2 - 25932*x - 264. What is a(91)?
9
Let b(n) = 38*n - 756. Give b(40).
764
Let m(x) = -134*x + 666. Determine m(5).
-4
Let c(o) = 32*o**2 + 65*o + 151. Determine c(11).
4738
Let g(j) = -j**2 - 2197*j - 185622. What is g(-88)?
-30
Let p(s) = -s**3 + 165*s**2 + 65276*s - 1894. Calculate p(-186).
-34
Let a(o) = 509*o + 21409. Give a(-42).
31
Let y(k) = 181*k - 205. Calculate y(2).
157
Let f(q) = -341*q - 84527. Give f(-247).
-300
Let z(q) = 2*q**2 - 24887*q + 273821. Give z(11).
306
Let f(v) = 8*v**2 - 71*v - 267. Give f(-4).
145
Let v(z) = 2*z**3 - 122*z**2 + 1137*z + 494. Give v(12).
26
Let n(c) = -1011077*c - 3033228. What is n(-3)?
3
Let s(j) = -3*j**2 - 13962*j + 252284. Give s(18).
-4
Let p(z) = z**3 - 450*z**2 - 910*z + 3798. What is p(452)?
1086
Let p(f) = f**2 + 413*f + 19692. What is p(-55)?
2
Let c(z) = -946*z**2 - 8613*z - 887. What is c(-9)?
4
Let y(l) = 5*l**3 - 66*l**2 - 9*l + 967. What is y(12)?
-5
Let v(d) = 28*d**2 + 319*d - 106. Determine v(-11).
-227
Let o(v) = -2*v**3 + 653*v**2 + 2311*v - 193. Calculate o(330).
137
Let h(w) = w**3 + 105*w**2 + 102*w - 507. Give h(-104).
-299
Let f(q) = -208*q**2 + 36798*q - 33447. Give f(176).
-7
Let v(i) = 3*i**3 - 71*i**2 - 173*i + 3545. Give v(24).
-31
Let c(m) = 2*m**3 + 16*m**2 + 75*m + 54. Give c(-2).
-48
Let k(o) = -o**2 - 91*o + 2078. Give k(-110).
-12
Let b(f) = -f**3 + 43*f**2 + 32*f - 91. Give b(-2).
25
Let p(s) = -s**3 - 137*s**2 - 663*s - 111. Give p(-132).
285
Let j(z) = 4*z**3 - 1309*z**2 - 1086*z + 33452. Give j(328).
-4
Let s(c) = c**2 - 21*c - 855. What is s(-20)?
-35
Let h(o) = 1097*o - 93627. Give h(86).
715
Let j(q) = -2*q**2 - 774*q - 58496. What is j(-103)?
8
Let v(n) = 351*n + 52210. Give v(-138).
3772
Let o(h) = 4*h**3 - 347*h**2 + 3622*h - 322704. What is o(87)?
-21
Let o(w) = -2*w**3 - 45*w**2 - 154*w - 1362. What is o(-20)?
-282
Let z(o) = o**2 - 106*o + 2687. Determine z(36).
167
Let v(p) = -35*p**2 + 1538*p + 83. Determine v(44).
-5
Let q(a) = 13*a**3 - 224*a**2 + 27*a + 263. Give q(17).
-145
Let x(g) = g**3 + 22*g**2 - 564*g - 8537. Calculate x(-14).
927
Let q(c) = -20008*c + 40028. Give q(2).
12
Let b(d) = -402*d + 22926. What is b(57)?
12
Let v(t) = -2*t**3 - 32*t**2 - 40*t + 4. Give v(-2).
-28
Let q(z) = 12*z**2 + 5195*z - 370. Give q(-433).
63
Let z(j) = 3*j**3 + 40*j**2 - 350*j - 31. What is z(-19)?
482
Let s(f) = -f**3 + 356*f**2 + 6280*f + 22747. Determine s(373).
-6
Let q(i) = 12*i**2 + 314*i - 2569. Give q(7).
217
Let z(o) = 53*o**3 + 411*o**2 - 293*o - 1506. Calculate z(-8).
6
Let m(x) = -536*x + 6944. Calculate m(13).
-24
Let a(o) = -o**3 + 17*o**2 + 668*o + 701. Calculate a(-18).
17
Let b(j) = 83*j**2 + 9342*j - 4203. What is b(-113)?
-22
Let v(b) = -42353*b - 253834. Determine v(-6).
284
Let o(u) = 5565*u + 5764. Give o(-1).
199
Let s(z) = z**3 - 110*z**2 + 966*z + 452. What is s(10)?
112
Let i(u) = u**2 - 101354*u - 1317768. Calculate i(-13).
3
Let w(u) = -17*u**3 + 496*u**2 + 258*u + 4874. Give w(30).
14
Let x(d) = 182363*d + 1641236. Determine x(-9).
-31
Let b(a) = 766476*a - 6898277. Calculate b(9).
7
Let r(l) = l**2 + 2399*l + 12033. Determine r(-5).
63
Let x(a) = -3400*a - 6198206. Give x(-1823).
-6
Let q(l) = 9930*l - 39698. Give q(4).
22
Let r(v) = v**2 - 203189*v - 2235197. Give r(-11).
3
Let g(t) = -273*t**2 + 55963*t + 305. What is g(205)?
-105
Let h(d) = 13*d**3 - 2*d**2 - 3523*d - 7034. Determine h(-2).
-100
Let p(a) = 21*a**3 - 74*a**2 - 126*a + 603. Determine p(5).
748
Let t(d) = 133*d + 10087. Calculate t(-76).
-21
Let u(k) = -268309*k + 804930. Determine u(3).
3
Let s(q) = -5350*q + 2407512. Calculate s(450).
12
Let z(d) = 2*d**3 + 1647*d**2 + 9909*d + 591. Calculate z(-6).
-3
Let a(c) = c**3 - 487*c**2 + 3383*c - 11088. Determine a(480).
-48
Let m(v) = -1954*v + 93889. What is m(48)?
97
Let o(x) = x**2 + 479*x - 6831. Calculate o(14).
71
Let k(r) = -113*r**2 - 4747*r - 6. Give k(-42).
36
Let v(z) = -2*z**3 + 5*z**2 + 2345*z - 7032. Calculate v(3).
-6
Let o(g) = 1089533*g - 15253458. Give o(14).
4
Let q(n) = -35*n**2 + 7790*n - 12153. Determine q(221).
2
Let x(t) = -t**3 + 324*t**2 + 9887*t + 874. What is x(-28)?
6
Let z(u) = -2*u**2 + 410*u + 4758. Determine z(216).
6
Let j(x) = -x**3 + 16*x**2 - 823*x + 16707. Determine j(19).
-13
Let n(c) = -43*c**2 - 62*c - 242. Calculate n(-4).
-682
Let t(b) = 10149*b + 1065640. Give t(-105).
-5
Let d(k) = -211*k - 41532. Determine d(-197).
35
Let m(o) = 16*o**3 + 130*o**2 + 1241*o + 9799. Give m(-8).
-1
Let t(d) = -28*d**3 + 1734*d**2 + 128*d - 240. What is t(62)?
8
Let h(j) = 7*j**3 + 9*j**2 + 15*j - 88. Give h(-6).
-1366
Let b(y) = -5*y**2 - 228*y - 727. Calculate b(-43).
-168
Let y(p) = -p**3 - 261*p**2 - 16801*p - 1267. Give y(-115).
-2
Let q(s) = 6051*s + 6299093. Determine q(-1041).
2
Let y(i) = -116*i**2 - 301*i - 334. What is y(-1)?
-149
Let p(g) = -2438*g - 258. Calculate p(2).
-5134
Let x(t) = -177*t**2 - 110*t + 29. Give x(2).
-899
Let p(x) = -x**3 - 13*x**2 + 51*x - 111. Give p(-17).
178
Let x(w) = 4768*w + 94422. Determine x(-20).
-938
Let i(u) = 2159*u + 135430. Give i(-63).
-587
Let l(p) = -5*p**3 - 1816*p**2 - 150529*p - 127. Give l(-128).
1
Let s(z) = 6*z**2 - 872*z + 24980. Give s(106).
-36
Let m(n) = -n**3 - 137*n**2 - 177*n + 12653. What is m(-135)?
98
Let f(b) = -60*b**3 - 7801*b**2 - 126*b + 524. What is f(-130)?
4
Let i(f) = -529*f - 404. What is i(-1)?
125
Let p(b) = 8*b**2 - 899*b - 1474. Determine p(114).
8
Let y(m) = -2*m**3 - 89*m**2 - 152*m + 495. What is y(-43)?
1484
Let r(w) = 19*w**2 - 39*w + 259. Determine r(5).
539
Let q(r) = -7*r**2 - 1029743*r + 2059479. Calculate q(2).
-35
Let z(f) = -12148*f + 425152. Calculate z(35).
-28
Let b(w) = -w**3 - 48*w**2 + 4743*w + 127658. Determine b(-24).
2
Let z(s) = -4258*s + 229927. Calculate z(54).
-5
Let u(y) = -43*y**2 - 2096*y + 6522. Calculate u(3).
-153
Let u(q) = -7039*q**2 - 119657*q + 115. Calculate u(-17).
13
Let a(z) = -840*z**2 + 439325*z - 2633. Calculate a(523).
-18
Let c(f) = -f**3 + 37*f**2 - 18*f. Give c(0).
0
Let z(g) = -2*g**3 - 30*g**2 + 2534*g + 31274. Determine z(-12).
2
Let c(v) = 6*v**3 - 38*v**2 - 144*v + 928. What is c(6)?
-8
Let z(o) = -6*o**2 - 379*o